ive v(f).
3
Suppose 145 = 7*b + 117. Let t(c) be the third derivative of -1/6*c**3 - 3*c**2 - 1/24*c**b + 0*c + 0. What is t(-5)?
4
Let l(f) = 4*f + 3. Let u be (-1)/3 - 84/(-9). Let p(x) = x + 13 - 2*x + 18*x. Let z(i) = u*l(i) - 2*p(i). Give z(1).
3
Let c be (-1 + -3 + 2)*-4. Let o = c + -14. Let t be 2 + o + (7 - -2). Let q(s) = 3*s - 6. What is q(t)?
9
Let a(n) = 2*n - 20. Let l be (679/582)/((-2)/(-12)). Give a(l).
-6
Let q(t) = 3*t + 1. Let k = -15 - 29. Let y = -48 - k. Calculate q(y).
-11
Let q(j) = -17*j + 15. Let w(v) = -20*v + 15. Let i(l) = 7*q(l) - 6*w(l). Determine i(-7).
8
Let m = -293 + 290. Let s(d) = -6*d + 2. Calculate s(m).
20
Let h = 2 - 0. Suppose -2*x - 2*r + 13 = -5*x, -3 = -x - 3*r. Let d = h + x. Let k(s) = 4*s**3 - 1. Calculate k(d).
-5
Let v(z) = -2*z**2 - 4*z - 3. Suppose 7*l - 1 = 27. Let k be (((-6)/l)/((-3)/(-8)))/2. What is v(k)?
-3
Suppose -5*h = 2*u - 32, 0 = -31*u + 36*u + 3*h - 42. Suppose g - 3*g + 14 = 0. Let v(w) = -5 + g*w + 3 - u*w + 9. Determine v(-5).
2
Let g(s) be the second derivative of -1/20*s**5 - 1/3*s**4 + 0 - 1/3*s**3 + 14*s - 5/2*s**2. What is g(-4)?
3
Let z(b) = -19434*b**3 + 19435*b**3 + 5 - 4*b + 3*b. Calculate z(0).
5
Let l(d) = 3*d. Suppose 0 = 3*n + 3*c - 3, -22*c + 6 = n - 26*c. What is l(n)?
6
Let d be -1 + 6/(2 - 0). Let z(f) = 0*f**2 - 2*f + 0*f - 7 - d*f**2. Let j(l) = -l**2 - 1. Let r(w) = -6*j(w) + z(w). Calculate r(-1).
5
Let z(v) = -2*v**2 + 5 - v**3 - 5*v**2 - 60*v - 43*v + 146*v - 48*v. Let y = -4 - -10. Suppose -3*l - 5*j = 38, 4*l + 5*j + y = -38. Determine z(l).
-1
Let x = -1316 + 1326. Let g(r) = 3*r - 3. Calculate g(x).
27
Let s(y) = 32*y**3 - 2*y**2 + y. Suppose -2 = 2*t + 4*p, 23*t - 5*p = 28*t. Give s(t).
31
Suppose -2*n - 18 = n. Let s(a) = -2*a - 10. Let j(z) = -z**3 - 4*z**2 + 6*z + 6. Let q be j(-5). Let m(v) = v. Let g(b) = q*m(b) + s(b). Give g(n).
-4
Suppose 6*q - 2*q = 8. Let v(g) = -2*g**2 - 2*g. Calculate v(q).
-12
Let j(f) = -f**3 - f - 4. Suppose 2*i = -13*i + 11*i. Calculate j(i).
-4
Let i = 74 + -117. Let a = i + 63. Let l be (-2)/(-5) - 128/a. Let h(u) = 2*u + 9. Give h(l).
-3
Let u(p) be the third derivative of -p**6/120 - p**3/3 + 17*p**2 + 31*p. Suppose 3*h = -0*h. Give u(h).
-2
Let t(o) be the second derivative of o**4/6 + o**3/3 - 2*o**2 - 120*o. Give t(0).
-4
Let l(p) = -4*p - 8. Let f(z) = -2 + 0*z - 1 - 2*z - 1. Let d(t) = -7*f(t) + 3*l(t). Suppose v - 2*b = 2, 0 = -0*v + 3*v + 4*b + 34. Calculate d(v).
-8
Let i be 5/15*(13 - -2). Suppose -3*m - 3 + 15 = 0. Let c(j) = -j**3 - m + 6 - 5 + 2*j**2 + 3*j**2 + j. What is c(i)?
2
Let x(p) = p**3 - 2*p**2 + 2*p - 9. Suppose -r - 16*z - 20 = -11*z, -r - 3*z = 12. Give x(r).
-9
Let m(d) = -7*d**2 - 10*d + 2. Let z be m(-2). Let p(n) = -n**3 - 7*n**2 - 5*n - 3. Calculate p(z).
-9
Let y(j) = -7*j - 5*j + 4 - j - 39. Let h(p) = 8*p + 23. Let z(t) = -8*h(t) - 5*y(t). Calculate z(9).
0
Let f(w) = -w - 6. Let x = 44 - 34. Let d be (-2 + 1)/(2/x). Determine f(d).
-1
Let v(m) = -2*m**2 + 4*m + 1. Let f(t) = 2*t - 7. Let n be f(5). Give v(n).
-5
Let b = 24 - 22. Suppose -5*w + b = -4*h, -h + 1 + 0 = -2*w. Let y(l) = -l - 1. Let v(c) = 12*c + 1. Let i(r) = w*y(r) - v(r). Give i(-1).
11
Let i(x) = 17*x + 98. Let r be (-45)/(-18)*(-7)/((-175)/(-60)). Calculate i(r).
-4
Let y(m) = 0 - 8 - 3*m + 6 - 1. Calculate y(-2).
3
Let p(z) = z**3 + 4*z**2 - 6*z - 3. Let v = -19 - -34. Suppose 5 = -2*i - v. Let j be (i/(-4))/1*-2. Give p(j).
2
Let b(u) = u + 32*u**2 - 2*u - 35*u**2 + 1. What is b(-1)?
-1
Let o(b) = -b**3 - 7*b**2 + 6*b + 2. Suppose -4*s = 3*d - 17, d + 10 = 3*s + 6*d. Suppose 0 = 2*n + a + 12, -s*n = -4*n + 5*a - 12. Calculate o(n).
18
Let l(d) = 16*d**3 - 15*d**3 - d + 3*d**3. Let a be l(-1). Let o(m) = -m**3 - m**2 + 4*m + 2. What is o(a)?
8
Let k = 19 + -9. Suppose 0 = -6*a + a + k. Suppose -7*y + 30 = -a*y. Let x(z) = z**3 - 6*z**2 + 2*z - 4. Calculate x(y).
8
Let m(i) = i**3 + 6*i**2 + i. Let g be (-138)/24 + 2/(-8). Give m(g).
-6
Suppose 0 = -3*q + 15. Let t(f) = 6 - 4*f - f + 4*f. Determine t(q).
1
Let f(q) = q**3 - q**2 + 5. Suppose 0 = 3*j - 28 + 91. Let h = j + 26. Suppose 0 = -h*d - 0*d. Determine f(d).
5
Let c(w) be the first derivative of -w**4/4 + w**3/3 - w**2/2 + 7*w + 125. Suppose -2 = 2*t + 2. Let b = t + 2. Calculate c(b).
7
Suppose 0 = w - 2 - 6. Let g(i) be the first derivative of -i**4/24 - 7*i**2 - 9. Let f(t) be the second derivative of g(t). Determine f(w).
-8
Let l(t) = -5*t**3 - 5*t**2 - 3*t - 3. Let z be 0 + ((-1)/(-2))/((-1)/6). Let a(c) = 9*c**3 + 9*c**2 + 6*c + 5. Let u(o) = z*a(o) - 5*l(o). Give u(-2).
14
Suppose 4*r = 5*z - 35, -2*z = 2*z + r - 28. Let d(j) = -5*j - 3 + 4*j + z. Give d(-5).
9
Let l(t) = -t**3 - 5*t**2 - 3*t + 2. Let j be 2 + 3 + 0 + -1 + -9. Give l(j).
17
Let v(i) = 10*i. Let j = 293 + -289. What is v(j)?
40
Let c(r) = -31*r**3 + 14*r**2 - 3*r + 15. Let z(o) = -67*o**3 + 28*o**2 - 6*o + 29. Let b(t) = 13*c(t) - 6*z(t). What is b(14)?
-21
Let i(t) = -126*t + 124. Let p be i(1). Suppose -8 + 3 = 5*d, -5*d = -2*o + 9. Let v(b) = 2*b**3 + 3*b + 3*b**o - b + 0*b**2. Calculate v(p).
-8
Let u(k) = 3*k - 21 + 12 + 3. Calculate u(6).
12
Suppose 0 = 6*w - 3*w + 135. Let o = w - -39. Let i(p) = p**2 + 7*p - 2. Calculate i(o).
-8
Let i be 8/(-4)*22/(-4). Let s(a) = -5*a - 86. Let l be s(-20). Let w = i - l. Let d(y) = y + 5. Calculate d(w).
2
Let t(j) = -17*j**2 + 7*j + 8. Let y(m) be the second derivative of 2*m**4/3 - m**3/2 - 2*m**2 - 12*m + 3. Let d(s) = -6*t(s) - 13*y(s). Give d(-3).
-5
Suppose -3*k - 73 = 83. Let p = 46 + k. Let z(i) = i**2 + 6*i + 3. What is z(p)?
3
Let a(j) = j**3 - 20*j**2 - 2*j + 45. Let b be a(20). Let i(r) be the second derivative of 1/20*r**b - 7/6*r**3 - 1/3*r**4 + 0 + 3/2*r**2 - 6*r. Determine i(5).
-7
Let q(p) = -p**3 + 7*p**2 + p. Suppose 0 = 3*a - 12, -2*a = -3*w - w. Suppose w*x - 3 - 11 = 0. What is q(x)?
7
Let w(u) be the third derivative of u**6/120 + u**5/10 + u**4/4 + 7*u**3/6 - u**2 + 22*u. Give w(-5).
2
Let w = 409 - 397. Suppose -2*u + 10 - 4 = 0. Suppose u*i - 6*i = -w. Let x(n) = n - 1. Determine x(i).
3
Let n(w) = -4*w**2 + 7*w. Let v(i) = 3*i**2 - 5*i. Let u(t) = -5*n(t) - 7*v(t). Let l(c) = 3*c**2 + c - 1. Let r(q) = -l(q) - 4*u(q). Determine r(1).
1
Let v = -141 + 144. Suppose -5*h + 27 = -v*p, -2*h - h + 2*p + 16 = 0. Let g(j) = j**3 - 5*j**2 - 3*j - 13. What is g(h)?
5
Let b be -1 + 14 + (-1 - 2). Suppose 3*a = -0*n + n + 6, -5*a + 2*n = -b. Let q(g) be the second derivative of -g**5/20 + g**4/6 + g**3/6 + g. Give q(a).
2
Let f(v) = 2*v - 3. Let q(p) = -24*p + 14. Let k(h) = -5*f(h) - q(h). Determine k(-1).
-13
Let i = 78 - 74. Let o(b) = b - 7. Let s be o(9). Let n(f) = -s*f + f**2 - 2*f**3 + 2 + f**3 + 4*f**2 - 3. Calculate n(i).
7
Suppose -14*x + 2 = -96. Let a(p) = p**2 - 8*p - 4. Give a(x).
-11
Let v(p) = 5*p + 9. Let m(j) = -16*j - 26. Let q(w) = 5*m(w) + 14*v(w). Let f(h) = 3*h + h - 1 - 5*h. Let g(i) = 3*f(i) - q(i). Give g(-1).
-6
Let y be 56/(-12)*6/(-4). Let k = 8 - y. Let b = k - 2. Let h(v) = -7*v - 1. Determine h(b).
6
Let v(z) = z + 14. Let i be v(-6). Let j(a) = i*a + 0*a - a - 10*a. What is j(1)?
-3
Let p(l) = -l**2 + 4. Suppose -8*i - 60 = -5*i. Let z = 24 + i. Calculate p(z).
-12
Let f(m) = m**2 - 6*m - 3. Let i(n) = n**2 - 6*n - 3. Let j(c) = 3*f(c) - 2*i(c). Determine j(6).
-3
Let t be (-1 + (-5)/3)*-3. Let m be 4/6 - t/3. Let p(r) be the third derivative of r**6/120 + r**5/30 + r**4/12 - r**3/6 + r**2 - 675. What is p(m)?
-5
Suppose 4 = -h - 4. Let c be (2 - h)/2 - 3. Let v(g) = -g**3 - 4*g - 3 + g**c + g**2 - 3*g**2 - 3*g**2. Calculate v(-3).
0
Let b be (3/2)/(1/(-2)). Let d(t) = 30*t**3 - 36*t**2 + 28*t - 1. Let w(j) = 11*j**3 - 13*j**2 + 10*j. Let i(v) = -4*d(v) + 11*w(v). Give i(b).
-8
Let j be ((-78)/6)/(1 + -2). Let o(b) = 4*b + 12 - j*b + 3*b + 5*b. Determine o(5).
7
Let s(n) = n**3 + 15*n**2 - 4. Let a be s(-15). Let t(g) = g + 4. Let h(v) = -v - 6 + 6 - 5. Let z(i) = a*t(i) - 3*h(i). Give z(5).
-6
Suppose 3*c + 53 = -52. Let a = 39 + c. Let l(f) = f - 4. Give l(a).
0
Let x(i) = -i**3 + i**2 - 9*i - 1. Let s(a) = 5*a**3 - 5*a**2 + 37*a + 2. Let d(t) = -s(t) - 4*x(t). Calculate d(1).
1
Let o(k) be the second derivative of -k**5/30 - k**4/24 - k**3/6 - k**2/2 + 14*k. Let b(m) be the first d